{"id":51,"date":"2017-01-22T19:31:31","date_gmt":"2017-01-22T18:31:31","guid":{"rendered":"http:\/\/toutenjeu.be\/?page_id=51"},"modified":"2023-03-27T14:36:15","modified_gmt":"2023-03-27T12:36:15","slug":"tarifs","status":"publish","type":"page","link":"http:\/\/toutenjeu.be\/index.php\/tarifs\/","title":{"rendered":"Tarifs"},"content":{"rendered":"<ul>\n<li>Entretien parents (y compris premi\u00e8re demande) : 80 \u20ac\/ 60 \u00e0 90&#8242;<\/li>\n<li>S\u00e9ance avec l&#8217;enfant : 55 \u20ac\/ 45&#8242; &#8211; 65 \u20ac\/ 60&#8242;<\/li>\n<li>S\u00e9ance groupe d&#8217;aide pour 2 \u00e0 5 enfants : \u00e0 pr\u00e9ciser.<\/li>\n<\/ul>\n<p>Des remboursements sont pr\u00e9vus par certaines mutuelles (notamment la Mutualit\u00e9 chr\u00e9tienne, Symbio, Partena). Demandez leur.<\/p>\n<p class=\"font_8\">\n<p class=\"font_8\">\n","protected":false},"excerpt":{"rendered":"<p>Entretien parents (y compris premi\u00e8re demande) : 80 \u20ac\/ 60 \u00e0 90&#8242; S\u00e9ance avec l&#8217;enfant : 55 \u20ac\/ 45&#8242; &#8211; 65 \u20ac\/ 60&#8242; S\u00e9ance groupe d&#8217;aide pour 2 \u00e0 5 enfants : \u00e0 pr\u00e9ciser. Des remboursements sont pr\u00e9vus par certaines mutuelles (notamment la Mutualit\u00e9 chr\u00e9tienne, Symbio, Partena). Demandez leur.<\/p>\n","protected":false},"author":1,"featured_media":0,"parent":0,"menu_order":8,"comment_status":"closed","ping_status":"closed","template":"","meta":{"footnotes":""},"_links":{"self":[{"href":"http:\/\/toutenjeu.be\/index.php\/wp-json\/wp\/v2\/pages\/51"}],"collection":[{"href":"http:\/\/toutenjeu.be\/index.php\/wp-json\/wp\/v2\/pages"}],"about":[{"href":"http:\/\/toutenjeu.be\/index.php\/wp-json\/wp\/v2\/types\/page"}],"author":[{"embeddable":true,"href":"http:\/\/toutenjeu.be\/index.php\/wp-json\/wp\/v2\/users\/1"}],"replies":[{"embeddable":true,"href":"http:\/\/toutenjeu.be\/index.php\/wp-json\/wp\/v2\/comments?post=51"}],"version-history":[{"count":15,"href":"http:\/\/toutenjeu.be\/index.php\/wp-json\/wp\/v2\/pages\/51\/revisions"}],"predecessor-version":[{"id":490,"href":"http:\/\/toutenjeu.be\/index.php\/wp-json\/wp\/v2\/pages\/51\/revisions\/490"}],"wp:attachment":[{"href":"http:\/\/toutenjeu.be\/index.php\/wp-json\/wp\/v2\/media?parent=51"}],"curies":[{"name":"wp","href":"https:\/\/api.w.org\/{rel}","templated":true}]}}